{"id":287,"date":"2017-08-23T09:47:33","date_gmt":"2017-08-23T09:47:33","guid":{"rendered":"https:\/\/bel-ongle-formation.fr\/?post_type=cpt_team&#038;p=287"},"modified":"2024-09-08T19:20:22","modified_gmt":"2024-09-08T17:20:22","slug":"nathalie-lang","status":"publish","type":"cpt_team","link":"https:\/\/bel-ongle-formation.fr\/index.php\/team\/nathalie-lang\/","title":{"rendered":"Nathalie Lang"},"content":{"rendered":"<p>Entrez dans mon univers d\u00e9di\u00e9 \u00e0 la beaut\u00e9 des ongles et \u00e0 l&rsquo;art de la proth\u00e9sie ongulaire.<\/p>\n<p>Je m&rsquo;appelle Nathalie Lang, et je suis formatrice au sein du Centre de Formation \u00ab\u00a0Bel Ongle Formation\u00a0\u00bb \u00e0 Beaucaire.<br \/>\nAvec <strong>plus de 25 ans de m\u00e9tier \u00e0 mon actif<\/strong>, je me consid\u00e8re comme une passionn\u00e9e avant tout.<br \/>\nChaque jour, j&rsquo;ai la chance de transmettre mon savoir-faire et ma passion \u00e0 de nouveaux apprentis, et c&rsquo;est pour moi un privil\u00e8ge et une source de bonheur sans cesse renouvel\u00e9e.<\/p>\n<p>Ma philosophie p\u00e9dagogique repose sur la <strong>bienveillance et l&rsquo;\u00e9coute<\/strong>.<br \/>\nJe suis l\u00e0 pour accompagner mes \u00e9tudiants \u00e0 leur rythme, en leur offrant tout le soutien n\u00e9cessaire pour qu&rsquo;ils puissent progresser et s&rsquo;\u00e9panouir dans ce domaine exigeant.<\/p>\n<p>Certes, j&rsquo;ai acquis une certaine expertise au fil des ann\u00e9es, mais je consid\u00e8re que l&rsquo;apprentissage est un chemin sans fin. C&rsquo;est pourquoi <strong>je reste constamment \u00e0 l&rsquo;aff\u00fbt des nouvelles tendances et des derni\u00e8res techniques<\/strong> afin de pouvoir les partager avec mes \u00e9l\u00e8ves.<\/p>\n<p><span style=\"font-size: revert; color: initial;\">Je crois fermement que la cl\u00e9 de la r\u00e9ussite r\u00e9side dans la passion et le travail acharn\u00e9.<br \/>\nC&rsquo;est ce que je m&rsquo;efforce d&rsquo;inculquer \u00e0 mes \u00e9tudiants, en les <strong>encourageant \u00e0 d\u00e9velopper leur cr\u00e9ativit\u00e9 et leur confiance en eux.<\/strong><\/span><\/p>\n<p>Si vous souhaitez vous lancer dans l&rsquo;aventure de la proth\u00e9sie ongulaire ou perfectionner vos comp\u00e9tences, je serais honor\u00e9e de vous accompagner dans cette belle aventure.<\/p>\n<p>Rejoignez-moi chez \u00ab\u00a0Bel Ongle Formation\u00a0\u00bb \u00e0 Beaucaire, et ensemble, donnons vie \u00e0 vos r\u00eaves ongulaires les plus fous.<\/p>\n","protected":false},"excerpt":{"rendered":"<p>Entrez dans mon univers d\u00e9di\u00e9 \u00e0 la beaut\u00e9 des ongles et \u00e0 l&rsquo;art de la proth\u00e9sie ongulaire. Je m&rsquo;appelle Nathalie Lang, et je suis formatrice au sein du Centre de Formation \u00ab\u00a0Bel Ongle Formation\u00a0\u00bb \u00e0 Beaucaire. Avec plus de 25&hellip;<\/p>\n","protected":false},"author":1,"featured_media":3541,"template":"","class_list":["post-287","cpt_team","type-cpt_team","status-publish","has-post-thumbnail","hentry"],"_links":{"self":[{"href":"https:\/\/bel-ongle-formation.fr\/index.php\/wp-json\/wp\/v2\/cpt_team\/287","targetHints":{"allow":["GET"]}}],"collection":[{"href":"https:\/\/bel-ongle-formation.fr\/index.php\/wp-json\/wp\/v2\/cpt_team"}],"about":[{"href":"https:\/\/bel-ongle-formation.fr\/index.php\/wp-json\/wp\/v2\/types\/cpt_team"}],"author":[{"embeddable":true,"href":"https:\/\/bel-ongle-formation.fr\/index.php\/wp-json\/wp\/v2\/users\/1"}],"wp:featuredmedia":[{"embeddable":true,"href":"https:\/\/bel-ongle-formation.fr\/index.php\/wp-json\/wp\/v2\/media\/3541"}],"wp:attachment":[{"href":"https:\/\/bel-ongle-formation.fr\/index.php\/wp-json\/wp\/v2\/media?parent=287"}],"curies":[{"name":"wp","href":"https:\/\/api.w.org\/{rel}","templated":true}]}}

<p>Entrez dans mon univers dédié à la beauté des ongles et à l&rsquo;art de la prothésie ongulaire.</p>
<p>Je m&rsquo;appelle Nathalie Lang, et je suis formatrice au sein du Centre de Formation « Bel Ongle Formation » à Beaucaire.<br />
Avec <strong>plus de 25 ans de métier à mon actif</strong>, je me considère comme une passionnée avant tout.<br />
Chaque jour, j&rsquo;ai la chance de transmettre mon savoir-faire et ma passion à de nouveaux apprentis, et c&rsquo;est pour moi un privilège et une source de bonheur sans cesse renouvelée.</p>
<p>Ma philosophie pédagogique repose sur la <strong>bienveillance et l&rsquo;écoute</strong>.<br />
Je suis là pour accompagner mes étudiants à leur rythme, en leur offrant tout le soutien nécessaire pour qu&rsquo;ils puissent progresser et s&rsquo;épanouir dans ce domaine exigeant.</p>
<p>Certes, j&rsquo;ai acquis une certaine expertise au fil des années, mais je considère que l&rsquo;apprentissage est un chemin sans fin. C&rsquo;est pourquoi <strong>je reste constamment à l&rsquo;affût des nouvelles tendances et des dernières techniques</strong> afin de pouvoir les partager avec mes élèves.</p>
<p><span style="font-size: revert; color: initial;">Je crois fermement que la clé de la réussite réside dans la passion et le travail acharné.<br />
C&rsquo;est ce que je m&rsquo;efforce d&rsquo;inculquer à mes étudiants, en les <strong>encourageant à développer leur créativité et leur confiance en eux.</strong></span></p>
<p>Si vous souhaitez vous lancer dans l&rsquo;aventure de la prothésie ongulaire ou perfectionner vos compétences, je serais honorée de vous accompagner dans cette belle aventure.</p>
<p>Rejoignez-moi chez « Bel Ongle Formation » à Beaucaire, et ensemble, donnons vie à vos rêves ongulaires les plus fous.</p>

<p>Entrez dans mon univers dédié à la beauté des ongles et à l&rsquo;art de la prothésie ongulaire. Je m&rsquo;appelle Nathalie Lang, et je suis formatrice au sein du Centre de Formation « Bel Ongle Formation » à Beaucaire. Avec plus de 25&hellip;</p>
