{"id":1395,"date":"2018-03-02T11:06:07","date_gmt":"2018-03-02T11:06:07","guid":{"rendered":"https:\/\/bel-ongle-formation.fr\/?page_id=1395"},"modified":"2026-04-24T15:15:49","modified_gmt":"2026-04-24T13:15:49","slug":"calendrier-formation-prothesie-ongulaire","status":"publish","type":"page","link":"https:\/\/bel-ongle-formation.fr\/index.php\/calendrier-formation-prothesie-ongulaire\/","title":{"rendered":"Calendrier de formation"},"content":{"rendered":"<div class=\"wpb-content-wrapper\"><p>[vc_row][vc_column][vc_column_text]NOUVEAU ! La formation est disponible aussi sur AVIGNON !!<\/p>\n<p>Et toujours \u00e0 Beaucaire, dans le Gard.<\/p>\n<p>Le calendrier de formation est donn\u00e9 \u00e0 titre indicatif. Il peut varier selon le nombre d&rsquo;inscriptions par sessions.<\/p>\n<p>Les dates des prochaines sessions de formation \u00ab\u00a0Pratiquer une activit\u00e9 de pose de proth\u00e8ses ongulaires\u00a0\u00bb sont :<\/p>\n<ul>\n<li>\n<div dir=\"auto\">Du 8 au 12 juin 2026<\/div>\n<\/li>\n<li>Du 22 au 26 juin 2026<\/li>\n<li>Du 6 au 10 juillet 2026<\/li>\n<li>Du 24 au 28 ao\u00fbt 2026<\/li>\n<li>Du 7 au 11 septembre 2026<\/li>\n<li>Du 21 au 25 septembre 2026<\/li>\n<li>Du 5 au 9 octobre 2026<\/li>\n<li>Du 19 au 23 octobre 2026<\/li>\n<li>Du 2 novembre au 6 novembre 2026<\/li>\n<li>Du 16 au 20 novembre 2026<\/li>\n<li>Du 30 novembre au 4 d\u00e9cembre 2026<\/li>\n<li>Du 14 au 18 d\u00e9cembre 2026<\/li>\n<\/ul>\n<p>Pour toute demande d&rsquo;informations compl\u00e9mentaires ou d&rsquo;inscription, veuillez <a href=\"https:\/\/bel-ongle-formation.fr\/index.php\/contacts\/\">nous contacter<\/a> ![\/vc_column_text][vc_separator style=\u00a0\u00bbdashed\u00a0\u00bb][\/vc_column][\/vc_row]<\/p>\n<\/div>","protected":false},"excerpt":{"rendered":"<p>[vc_row][vc_column][vc_column_text]NOUVEAU ! La formation est disponible aussi sur AVIGNON !! Et toujours \u00e0 Beaucaire, dans le Gard. Le calendrier de formation est donn\u00e9 \u00e0 titre indicatif. Il peut varier selon le nombre d&rsquo;inscriptions par sessions. Les dates des prochaines sessions&hellip;<\/p>\n","protected":false},"author":1,"featured_media":0,"parent":0,"menu_order":0,"comment_status":"closed","ping_status":"closed","template":"","meta":{"footnotes":""},"class_list":["post-1395","page","type-page","status-publish","hentry"],"_links":{"self":[{"href":"https:\/\/bel-ongle-formation.fr\/index.php\/wp-json\/wp\/v2\/pages\/1395","targetHints":{"allow":["GET"]}}],"collection":[{"href":"https:\/\/bel-ongle-formation.fr\/index.php\/wp-json\/wp\/v2\/pages"}],"about":[{"href":"https:\/\/bel-ongle-formation.fr\/index.php\/wp-json\/wp\/v2\/types\/page"}],"author":[{"embeddable":true,"href":"https:\/\/bel-ongle-formation.fr\/index.php\/wp-json\/wp\/v2\/users\/1"}],"replies":[{"embeddable":true,"href":"https:\/\/bel-ongle-formation.fr\/index.php\/wp-json\/wp\/v2\/comments?post=1395"}],"version-history":[{"count":10,"href":"https:\/\/bel-ongle-formation.fr\/index.php\/wp-json\/wp\/v2\/pages\/1395\/revisions"}],"predecessor-version":[{"id":3656,"href":"https:\/\/bel-ongle-formation.fr\/index.php\/wp-json\/wp\/v2\/pages\/1395\/revisions\/3656"}],"wp:attachment":[{"href":"https:\/\/bel-ongle-formation.fr\/index.php\/wp-json\/wp\/v2\/media?parent=1395"}],"curies":[{"name":"wp","href":"https:\/\/api.w.org\/{rel}","templated":true}]}}

<div class="wpb-content-wrapper"><p>[vc_row][vc_column][vc_column_text]NOUVEAU ! La formation est disponible aussi sur AVIGNON !!</p>
<p>Et toujours à Beaucaire, dans le Gard.</p>
<p>Le calendrier de formation est donné à titre indicatif. Il peut varier selon le nombre d&rsquo;inscriptions par sessions.</p>
<p>Les dates des prochaines sessions de formation « Pratiquer une activité de pose de prothèses ongulaires » sont :</p>
<ul>
<li>
<div dir="auto">Du 8 au 12 juin 2026</div>
</li>
<li>Du 22 au 26 juin 2026</li>
<li>Du 6 au 10 juillet 2026</li>
<li>Du 24 au 28 août 2026</li>
<li>Du 7 au 11 septembre 2026</li>
<li>Du 21 au 25 septembre 2026</li>
<li>Du 5 au 9 octobre 2026</li>
<li>Du 19 au 23 octobre 2026</li>
<li>Du 2 novembre au 6 novembre 2026</li>
<li>Du 16 au 20 novembre 2026</li>
<li>Du 30 novembre au 4 décembre 2026</li>
<li>Du 14 au 18 décembre 2026</li>
</ul>
<p>Pour toute demande d&rsquo;informations complémentaires ou d&rsquo;inscription, veuillez <a href="https://bel-ongle-formation.fr/index.php/contacts/">nous contacter</a> ![/vc_column_text][vc_separator style= »dashed »][/vc_column][/vc_row]</p>
</div>

<p>[vc_row][vc_column][vc_column_text]NOUVEAU ! La formation est disponible aussi sur AVIGNON !! Et toujours à Beaucaire, dans le Gard. Le calendrier de formation est donné à titre indicatif. Il peut varier selon le nombre d&rsquo;inscriptions par sessions. Les dates des prochaines sessions&hellip;</p>
