{"id":3194,"date":"2024-07-05T14:18:53","date_gmt":"2024-07-05T12:18:53","guid":{"rendered":"https:\/\/bel-ongle-formation.fr\/?page_id=3194"},"modified":"2024-07-05T17:11:02","modified_gmt":"2024-07-05T15:11:02","slug":"formation-prothesie-ongulaire-courte-3-jours","status":"publish","type":"page","link":"https:\/\/bel-ongle-formation.fr\/index.php\/formation-prothesie-ongulaire-courte-3-jours\/","title":{"rendered":"Formation 3 jours"},"content":{"rendered":"<div class=\"wpb-content-wrapper\"><p>[vc_row][vc_column width=\u00a0\u00bb2\/12&Prime;][\/vc_column][vc_column width=\u00a0\u00bb8\/12&Prime;]<div id=\"sc_title_984809833\"\n\t\tclass=\"sc_title color_style_default sc_title_default\"><h6 class=\"sc_item_subtitle sc_title_subtitle sc_align_center sc_item_title_style_default\">Apprenez les bases de la proth\u00e9sie ongulaire<\/h6><h3 class=\"sc_item_title sc_title_title sc_align_center sc_item_title_style_default\">Formation 3 jours<\/h3><\/div><!-- \/.sc_title -->[vc_empty_space height=\u00a0\u00bb26px\u00a0\u00bb alter_height=\u00a0\u00bbnone\u00a0\u00bb hide_on_desktop=\u00a0\u00bb\u00a0\u00bb hide_on_notebook=\u00a0\u00bb\u00a0\u00bb hide_on_tablet=\u00a0\u00bb1&Prime; hide_on_mobile=\u00a0\u00bb1&Prime;][vc_empty_space height=\u00a0\u00bb60px\u00a0\u00bb alter_height=\u00a0\u00bbnone\u00a0\u00bb hide_on_desktop=\u00a0\u00bb1&Prime; hide_on_notebook=\u00a0\u00bb1&Prime; hide_on_tablet=\u00a0\u00bb\u00a0\u00bb hide_on_mobile=\u00a0\u00bb1&Prime;][vc_empty_space height=\u00a0\u00bb30px\u00a0\u00bb alter_height=\u00a0\u00bbnone\u00a0\u00bb hide_on_desktop=\u00a0\u00bb1&Prime; hide_on_notebook=\u00a0\u00bb1&Prime; hide_on_tablet=\u00a0\u00bb1&Prime; hide_on_mobile=\u00a0\u00bb\u00a0\u00bb][vc_column_text]<strong>Formation 3 Jours &#8211; Bases de la Proth\u00e9sie Ongulaire<\/strong><\/p>\n<p>Pour d\u00e9butantes et autodidactes qui souhaitent :<br \/>\n&#8211; Apprendre pour soi-m\u00eame<br \/>\n&#8211; Apprendre pour ses proches<br \/>\n&#8211; D\u00e9couvrir la proth\u00e9sie ongulaire<\/p>\n<p>Choisissez votre technique d&rsquo;extension (capsules ou chablons) et de finition (french manucure ou babyboomer).<\/p>\n<p><em>Cette formation n&rsquo;est pas recommand\u00e9e pour les personnes qui souhaitent en faire leur m\u00e9tier. La <a href=\"https:\/\/bel-ongle-formation.fr\/index.php\/certification-pratiquer-une-activite-de-prothesie-ongulaire\/\">formation certifiante<\/a> est indiqu\u00e9e dans le cadre d&rsquo;un projet professionnel.<\/em>[\/vc_column_text][vc_empty_space height=\u00a0\u00bb46px\u00a0\u00bb alter_height=\u00a0\u00bbnone\u00a0\u00bb hide_on_desktop=\u00a0\u00bb\u00a0\u00bb hide_on_notebook=\u00a0\u00bb\u00a0\u00bb hide_on_tablet=\u00a0\u00bb1&Prime; hide_on_mobile=\u00a0\u00bb1&Prime;][vc_tta_tabs active_section=\u00a0\u00bb1&Prime;][vc_tta_section title=\u00a0\u00bbCONTENU\u00a0\u00bb tab_id=\u00a0\u00bb1720191367540-ee48eba6-8484&Prime;][vc_column_text]<\/p>\n<ul>\n<li>Approche th\u00e9orique (hygi\u00e8ne, mat\u00e9riel n\u00e9cessaires, etc\u2026)<br \/>\nPratiques enseign\u00e9es :<\/li>\n<li>Pose de gel et gainage de l\u2019ongle<\/li>\n<li>Pose d\u2019extensions (au choix\u00a0: capsules ou chablons)<\/li>\n<li>Utilisation des diff\u00e9rents outils, dont la ponceuse<\/li>\n<li>Finition esth\u00e9tique (au choix\u00a0: babyboomer ou French manucure)<\/li>\n<\/ul>\n<p>[\/vc_column_text][\/vc_tta_section][vc_tta_section title=\u00a0\u00bbPROGRAMME\u00a0\u00bb tab_id=\u00a0\u00bb1720190565683-fe175354-28b0&Prime;][vc_column_text]<strong>Jour 1\u00a0:<\/strong><\/p>\n<ul>\n<li>Matin\u00a0: 9h \u2013 12h\u00a0: th\u00e9orie + d\u00e9monstration par la formatrice de pose d\u2019extensions (capsules ou chablons) avec finition Babyboomer ou French manucure<\/li>\n<li>Apr\u00e8s-midi\u00a0: 13h-17h\u00a0: pose d\u2019extensions par le stagiaire sur ses propres mains<\/li>\n<\/ul>\n<p><strong>Jour 2\u00a0:<\/strong><\/p>\n<ul>\n<li>Matin\u00a0: 9h \u2013 12h\u00a0: pose d\u2019extensions par le stagiaire sur mod\u00e8les volontaires<\/li>\n<li>Apr\u00e8s-midi\u00a0: 13h-17h\u00a0: pose d\u2019extensions par le stagiaire sur mod\u00e8les volontaires<\/li>\n<\/ul>\n<p><strong>Jour 3\u00a0:<\/strong><\/p>\n<ul>\n<li>Matin\u00a0: 9h \u2013 12h\u00a0: Initiation au remplissage et pose de la finition choisie (babyboomer ou french manucure) par le stagiaire sur ses propres mains<\/li>\n<li>Apr\u00e8s-midi\u00a0: 13h-17h\u00a0: pose d\u2019extensions et finition choisie (babyboomer ou french manucure) sur mod\u00e8le volontaire<\/li>\n<\/ul>\n<p>[\/vc_column_text][\/vc_tta_section][vc_tta_section title=\u00a0\u00bbDUR\u00c9E\u00a0\u00bb tab_id=\u00a0\u00bb1720190565694-cc0a2eca-9575&Prime;][vc_column_text]La formation dure 21 heures sur 3 jours cons\u00e9cutifs.[\/vc_column_text][\/vc_tta_section][vc_tta_section title=\u00a0\u00bbSESSIONS\u00a0\u00bb tab_id=\u00a0\u00bb1720191281401-5ca43be3-1eb9&Prime;][vc_column_text]Les sessions sont programm\u00e9es en fonction de la demande et des disponibilit\u00e9s.[\/vc_column_text][\/vc_tta_section][vc_tta_section title=\u00a0\u00bbTARIF\u00a0\u00bb tab_id=\u00a0\u00bb1720190641671-61a4cfdd-f618&Prime;][vc_column_text]La formation peut s&rsquo;effectuer en priv\u00e9 ou en groupe (d\u00e8s 2 personnes).<\/p>\n<ul>\n<li>600\u20ac si groupe de 2 personnes minimum<\/li>\n<li>900\u20ac en coaching priv\u00e9<\/li>\n<\/ul>\n<p>[\/vc_column_text][\/vc_tta_section][vc_tta_section title=\u00a0\u00bbCONTACT\u00a0\u00bb tab_id=\u00a0\u00bb1720192192941-63cd2daa-b9d0&Prime;][vc_column_text]Pour plus d&rsquo;infos sur cette formation courte en proth\u00e9sie ongulaire, <a href=\"https:\/\/bel-ongle-formation.fr\/index.php\/contacts\/\">contactez-nous<\/a> ![\/vc_column_text][\/vc_tta_section][\/vc_tta_tabs][vc_empty_space height=\u00a0\u00bb46px\u00a0\u00bb alter_height=\u00a0\u00bbnone\u00a0\u00bb hide_on_desktop=\u00a0\u00bb\u00a0\u00bb hide_on_notebook=\u00a0\u00bb\u00a0\u00bb hide_on_tablet=\u00a0\u00bb1&Prime; hide_on_mobile=\u00a0\u00bb1&Prime;][vc_row_inner][vc_column_inner width=\u00a0\u00bb1\/2&Prime;][vc_hoverbox image=\u00a0\u00bb3203&Prime; primary_title=\u00a0\u00bb\u00a0\u00bb primary_title_font_container=\u00a0\u00bbfont_size:20px|color:%23ffffff\u00a0\u00bb hover_title=\u00a0\u00bbCAPSULES + FRENCH MANUCURE\u00a0\u00bb hover_title_font_container=\u00a0\u00bbfont_size:20px|color:%23ffffff|line_height:25px\u00a0\u00bb hover_title_google_fonts=\u00a0\u00bbfont_family:Montserrat%3Aregular%2C700|font_style:700%20bold%20regular%3A700%3Anormal\u00a0\u00bb hover_background_color=\u00a0\u00bbcustom\u00a0\u00bb use_custom_fonts_primary_title=\u00a0\u00bbtrue\u00a0\u00bb use_custom_fonts_hover_title=\u00a0\u00bbtrue\u00a0\u00bb hover_custom_background=\u00a0\u00bb#bb2649&Prime;]<\/p>\n<p style=\"text-align: left;\"><span style=\"color: #ffffff;\">Apprenez \u00e0 r\u00e9aliser :<\/span><\/p>\n<ul>\n<li style=\"text-align: left;\"><span style=\"color: #ffffff;\">la pose de gel et le gainage de l&rsquo;ongle<\/span><\/li>\n<li style=\"text-align: left;\"><span style=\"color: #ffffff;\">La pose d&rsquo;extensions avec <strong>capsules<\/strong><\/span><\/li>\n<li style=\"text-align: left;\"><span style=\"color: #ffffff;\">L&rsquo;utilisation des outils n\u00e9cessaires, dont la ponceuse<\/span><\/li>\n<li style=\"text-align: left;\"><span style=\"color: #ffffff;\">Une finition esth\u00e9tique :<strong> la French Manucure<\/strong><\/span><\/li>\n<\/ul>\n<p>[\/vc_hoverbox][\/vc_column_inner][vc_column_inner width=\u00a0\u00bb1\/2&Prime;][vc_hoverbox image=\u00a0\u00bb3208&Prime; primary_title=\u00a0\u00bb\u00a0\u00bb primary_title_font_container=\u00a0\u00bbfont_size:20px|color:%23ffffff\u00a0\u00bb hover_title=\u00a0\u00bbCAPSULES + FINITION BABYBOOMER\u00a0\u00bb hover_title_font_container=\u00a0\u00bbfont_size:20px|color:%23ffffff|line_height:25px\u00a0\u00bb hover_title_google_fonts=\u00a0\u00bbfont_family:Montserrat%3Aregular%2C700|font_style:700%20bold%20regular%3A700%3Anormal\u00a0\u00bb hover_background_color=\u00a0\u00bbcustom\u00a0\u00bb use_custom_fonts_primary_title=\u00a0\u00bbtrue\u00a0\u00bb use_custom_fonts_hover_title=\u00a0\u00bbtrue\u00a0\u00bb hover_custom_background=\u00a0\u00bb#bb2649&Prime;]<\/p>\n<p style=\"text-align: left;\"><span style=\"color: #ffffff;\">Apprenez \u00e0 r\u00e9aliser :<\/span><\/p>\n<ul>\n<li style=\"text-align: left;\"><span style=\"color: #ffffff;\">la pose de gel et le gainage de l&rsquo;ongle<\/span><\/li>\n<li style=\"text-align: left;\"><span style=\"color: #ffffff;\">La pose d&rsquo;extensions avec <strong>capsules<\/strong><\/span><\/li>\n<li style=\"text-align: left;\"><span style=\"color: #ffffff;\">L&rsquo;utilisation des outils n\u00e9cessaires, dont la ponceuse<\/span><\/li>\n<li style=\"text-align: left;\"><span style=\"color: #ffffff;\">Une finition esth\u00e9tique :<strong> la technique du Babyboomer<\/strong><\/span><\/li>\n<\/ul>\n<p>[\/vc_hoverbox][\/vc_column_inner][\/vc_row_inner][vc_empty_space height=\u00a0\u00bb60px\u00a0\u00bb alter_height=\u00a0\u00bbnone\u00a0\u00bb hide_on_desktop=\u00a0\u00bb1&Prime; hide_on_notebook=\u00a0\u00bb1&Prime; hide_on_tablet=\u00a0\u00bb\u00a0\u00bb hide_on_mobile=\u00a0\u00bb1&Prime;][vc_empty_space height=\u00a0\u00bb30px\u00a0\u00bb alter_height=\u00a0\u00bbnone\u00a0\u00bb hide_on_desktop=\u00a0\u00bb1&Prime; hide_on_notebook=\u00a0\u00bb1&Prime; hide_on_tablet=\u00a0\u00bb1&Prime; hide_on_mobile=\u00a0\u00bb\u00a0\u00bb][vc_empty_space height=\u00a0\u00bb86px\u00a0\u00bb alter_height=\u00a0\u00bbnone\u00a0\u00bb hide_on_desktop=\u00a0\u00bb\u00a0\u00bb hide_on_notebook=\u00a0\u00bb\u00a0\u00bb hide_on_tablet=\u00a0\u00bb1&Prime; hide_on_mobile=\u00a0\u00bb1&Prime;][vc_row_inner][vc_column_inner width=\u00a0\u00bb1\/2&Prime;][vc_hoverbox image=\u00a0\u00bb3211&Prime; primary_title=\u00a0\u00bb\u00a0\u00bb primary_title_font_container=\u00a0\u00bbfont_size:20px|color:%23ffffff\u00a0\u00bb hover_title=\u00a0\u00bbCHABLONS + FRENCH MANUCURE\u00a0\u00bb hover_title_font_container=\u00a0\u00bbfont_size:20px|color:%23ffffff|line_height:25px\u00a0\u00bb hover_title_google_fonts=\u00a0\u00bbfont_family:Montserrat%3Aregular%2C700|font_style:700%20bold%20regular%3A700%3Anormal\u00a0\u00bb hover_background_color=\u00a0\u00bbcustom\u00a0\u00bb use_custom_fonts_primary_title=\u00a0\u00bbtrue\u00a0\u00bb use_custom_fonts_hover_title=\u00a0\u00bbtrue\u00a0\u00bb hover_custom_background=\u00a0\u00bb#bb2649&Prime;]<\/p>\n<p style=\"text-align: left;\"><span style=\"color: #ffffff;\">Apprenez \u00e0 r\u00e9aliser :<\/span><\/p>\n<ul>\n<li style=\"text-align: left;\"><span style=\"color: #ffffff;\">la pose de gel et le gainage de l&rsquo;ongle<\/span><\/li>\n<li style=\"text-align: left;\"><span style=\"color: #ffffff;\">La pose d&rsquo;extensions avec <strong>chablons<\/strong><\/span><\/li>\n<li style=\"text-align: left;\"><span style=\"color: #ffffff;\">L&rsquo;utilisation des outils n\u00e9cessaires, dont la ponceuse<\/span><\/li>\n<li style=\"text-align: left;\"><span style=\"color: #ffffff;\">Une finition esth\u00e9tique :<strong> la French Manucure<\/strong><\/span><\/li>\n<\/ul>\n<p>[\/vc_hoverbox][\/vc_column_inner][vc_column_inner width=\u00a0\u00bb1\/2&Prime;][vc_hoverbox image=\u00a0\u00bb3214&Prime; primary_title=\u00a0\u00bb\u00a0\u00bb primary_title_font_container=\u00a0\u00bbfont_size:20px|color:%23ffffff\u00a0\u00bb hover_title=\u00a0\u00bbCHABLONS + FINITION BABYBOOMER\u00a0\u00bb hover_title_font_container=\u00a0\u00bbfont_size:20px|color:%23ffffff|line_height:25px\u00a0\u00bb hover_title_google_fonts=\u00a0\u00bbfont_family:Montserrat%3Aregular%2C700|font_style:700%20bold%20regular%3A700%3Anormal\u00a0\u00bb hover_background_color=\u00a0\u00bbcustom\u00a0\u00bb use_custom_fonts_primary_title=\u00a0\u00bbtrue\u00a0\u00bb use_custom_fonts_hover_title=\u00a0\u00bbtrue\u00a0\u00bb hover_custom_background=\u00a0\u00bb#bb2649&Prime;]<\/p>\n<p style=\"text-align: left;\"><span style=\"color: #ffffff;\">Apprenez \u00e0 r\u00e9aliser :<\/span><\/p>\n<ul>\n<li style=\"text-align: left;\"><span style=\"color: #ffffff;\">la pose de gel et le gainage de l&rsquo;ongle<\/span><\/li>\n<li style=\"text-align: left;\"><span style=\"color: #ffffff;\">La pose d&rsquo;extensions avec <strong>chablons<\/strong><\/span><\/li>\n<li style=\"text-align: left;\"><span style=\"color: #ffffff;\">L&rsquo;utilisation des outils n\u00e9cessaires, dont la ponceuse<\/span><\/li>\n<li style=\"text-align: left;\"><span style=\"color: #ffffff;\">Une finition esth\u00e9tique :<strong> le Babyboomer<\/strong><\/span><\/li>\n<\/ul>\n<p>[\/vc_hoverbox][\/vc_column_inner][\/vc_row_inner][vc_empty_space height=\u00a0\u00bb75px\u00a0\u00bb alter_height=\u00a0\u00bbnone\u00a0\u00bb hide_on_desktop=\u00a0\u00bb\u00a0\u00bb hide_on_notebook=\u00a0\u00bb1&Prime; hide_on_tablet=\u00a0\u00bb1&Prime; hide_on_mobile=\u00a0\u00bb1&Prime;][vc_empty_space height=\u00a0\u00bb55px\u00a0\u00bb alter_height=\u00a0\u00bbnone\u00a0\u00bb hide_on_desktop=\u00a0\u00bb1&Prime; hide_on_notebook=\u00a0\u00bb\u00a0\u00bb hide_on_tablet=\u00a0\u00bb1&Prime; hide_on_mobile=\u00a0\u00bb1&Prime;][vc_empty_space height=\u00a0\u00bb20px\u00a0\u00bb alter_height=\u00a0\u00bbnone\u00a0\u00bb hide_on_desktop=\u00a0\u00bb1&Prime; hide_on_notebook=\u00a0\u00bb1&Prime; hide_on_tablet=\u00a0\u00bb\u00a0\u00bb hide_on_mobile=\u00a0\u00bb1&Prime;][vc_empty_space height=\u00a0\u00bb45px\u00a0\u00bb alter_height=\u00a0\u00bbnone\u00a0\u00bb hide_on_desktop=\u00a0\u00bb1&Prime; hide_on_notebook=\u00a0\u00bb1&Prime; hide_on_tablet=\u00a0\u00bb1&Prime; hide_on_mobile=\u00a0\u00bb\u00a0\u00bb][vc_btn title=\u00a0\u00bbRESERVER CETTE FORMATION\u00a0\u00bb color=\u00a0\u00bbjuicy-pink\u00a0\u00bb align=\u00a0\u00bbcenter\u00a0\u00bb link=\u00a0\u00bburl:https%3A%2F%2Fbel-ongle-formation.fr%2Findex.php%2Fcontacts%2F|title:Contact\u00a0\u00bb][\/vc_column][vc_column width=\u00a0\u00bb2\/12&Prime;][\/vc_column][\/vc_row]<\/p>\n<\/div>","protected":false},"excerpt":{"rendered":"<p>[vc_row][vc_column width=\u00a0\u00bb2\/12&Prime;][\/vc_column][vc_column width=\u00a0\u00bb8\/12&Prime;][vc_empty_space height=\u00a0\u00bb26px\u00a0\u00bb alter_height=\u00a0\u00bbnone\u00a0\u00bb hide_on_desktop=\u00a0\u00bb\u00a0\u00bb hide_on_notebook=\u00a0\u00bb\u00a0\u00bb hide_on_tablet=\u00a0\u00bb1&Prime; hide_on_mobile=\u00a0\u00bb1&Prime;][vc_empty_space height=\u00a0\u00bb60px\u00a0\u00bb alter_height=\u00a0\u00bbnone\u00a0\u00bb hide_on_desktop=\u00a0\u00bb1&Prime; hide_on_notebook=\u00a0\u00bb1&Prime; hide_on_tablet=\u00a0\u00bb\u00a0\u00bb hide_on_mobile=\u00a0\u00bb1&Prime;][vc_empty_space height=\u00a0\u00bb30px\u00a0\u00bb alter_height=\u00a0\u00bbnone\u00a0\u00bb hide_on_desktop=\u00a0\u00bb1&Prime; hide_on_notebook=\u00a0\u00bb1&Prime; hide_on_tablet=\u00a0\u00bb1&Prime; hide_on_mobile=\u00a0\u00bb\u00a0\u00bb][vc_column_text]Formation 3 Jours &#8211; Bases de la Proth\u00e9sie Ongulaire Pour d\u00e9butantes et autodidactes qui souhaitent : &#8211; Apprendre pour soi-m\u00eame&hellip;<\/p>\n","protected":false},"author":2,"featured_media":0,"parent":0,"menu_order":0,"comment_status":"closed","ping_status":"closed","template":"","meta":{"footnotes":""},"class_list":["post-3194","page","type-page","status-publish","hentry"],"_links":{"self":[{"href":"https:\/\/bel-ongle-formation.fr\/index.php\/wp-json\/wp\/v2\/pages\/3194","targetHints":{"allow":["GET"]}}],"collection":[{"href":"https:\/\/bel-ongle-formation.fr\/index.php\/wp-json\/wp\/v2\/pages"}],"about":[{"href":"https:\/\/bel-ongle-formation.fr\/index.php\/wp-json\/wp\/v2\/types\/page"}],"author":[{"embeddable":true,"href":"https:\/\/bel-ongle-formation.fr\/index.php\/wp-json\/wp\/v2\/users\/2"}],"replies":[{"embeddable":true,"href":"https:\/\/bel-ongle-formation.fr\/index.php\/wp-json\/wp\/v2\/comments?post=3194"}],"version-history":[{"count":42,"href":"https:\/\/bel-ongle-formation.fr\/index.php\/wp-json\/wp\/v2\/pages\/3194\/revisions"}],"predecessor-version":[{"id":3245,"href":"https:\/\/bel-ongle-formation.fr\/index.php\/wp-json\/wp\/v2\/pages\/3194\/revisions\/3245"}],"wp:attachment":[{"href":"https:\/\/bel-ongle-formation.fr\/index.php\/wp-json\/wp\/v2\/media?parent=3194"}],"curies":[{"name":"wp","href":"https:\/\/api.w.org\/{rel}","templated":true}]}}