{"id":3246,"date":"2024-07-05T17:18:23","date_gmt":"2024-07-05T15:18:23","guid":{"rendered":"https:\/\/bel-ongle-formation.fr\/?page_id=3246"},"modified":"2024-07-05T17:29:18","modified_gmt":"2024-07-05T15:29:18","slug":"perfectionnement-remise-a-niveau","status":"publish","type":"page","link":"https:\/\/bel-ongle-formation.fr\/index.php\/perfectionnement-remise-a-niveau\/","title":{"rendered":"Perfectionnement \/ Remise \u00e0 niveau"},"content":{"rendered":"<div class=\"wpb-content-wrapper\"><p>[vc_row][vc_column width=\u00a0\u00bb2\/12&Prime;][\/vc_column][vc_column width=\u00a0\u00bb8\/12&Prime;]<div id=\"sc_title_1479779296\"\n\t\tclass=\"sc_title color_style_default sc_title_default\"><h6 class=\"sc_item_subtitle sc_title_subtitle sc_align_center sc_item_title_style_default\">Perfectionnement \/ Remise \u00e0 niveau<\/h6><h3 class=\"sc_item_title sc_title_title sc_align_center sc_item_title_style_default\">Formation \u00e0 la carte<\/h3><\/div><!-- \/.sc_title -->[vc_empty_space height=\u00a0\u00bb26px\u00a0\u00bb alter_height=\u00a0\u00bbnone\u00a0\u00bb hide_on_desktop=\u00a0\u00bb\u00a0\u00bb hide_on_notebook=\u00a0\u00bb\u00a0\u00bb hide_on_tablet=\u00a0\u00bb1&Prime; hide_on_mobile=\u00a0\u00bb1&Prime;][vc_empty_space height=\u00a0\u00bb60px\u00a0\u00bb alter_height=\u00a0\u00bbnone\u00a0\u00bb hide_on_desktop=\u00a0\u00bb1&Prime; hide_on_notebook=\u00a0\u00bb1&Prime; hide_on_tablet=\u00a0\u00bb\u00a0\u00bb hide_on_mobile=\u00a0\u00bb1&Prime;][vc_empty_space height=\u00a0\u00bb30px\u00a0\u00bb alter_height=\u00a0\u00bbnone\u00a0\u00bb hide_on_desktop=\u00a0\u00bb1&Prime; hide_on_notebook=\u00a0\u00bb1&Prime; hide_on_tablet=\u00a0\u00bb1&Prime; hide_on_mobile=\u00a0\u00bb\u00a0\u00bb][vc_column_text]<span style=\"color: #1d1d1d;\">En t\u00eate \u00e0 t\u00eate avec la formatrice, b\u00e9n\u00e9ficiez d&rsquo;une formation personnalis\u00e9e adapt\u00e9e \u00e0 vos besoins les plus sp\u00e9cifiques pour cibler les techniques \u00e0 approfondir.<\/span><\/p>\n<p>[\/vc_column_text][vc_empty_space height=\u00a0\u00bb46px\u00a0\u00bb alter_height=\u00a0\u00bbnone\u00a0\u00bb hide_on_desktop=\u00a0\u00bb\u00a0\u00bb hide_on_notebook=\u00a0\u00bb\u00a0\u00bb hide_on_tablet=\u00a0\u00bb1&Prime; hide_on_mobile=\u00a0\u00bb1&Prime;][vc_tta_tabs active_section=\u00a0\u00bb1&Prime;][vc_tta_section title=\u00a0\u00bbCONTENU\u00a0\u00bb tab_id=\u00a0\u00bb1720191367540-ee48eba6-8484b811-d5e0&Prime;][vc_column_text]Le contenu de la formation est \u00e9labor\u00e9 en fonction des demandes et des besoins sp\u00e9cifiques.<\/p>\n<p>Exemple de formation perfectionnement :<\/p>\n<ul>\n<li>pose de capsules<\/li>\n<li>rallongement au chablon<\/li>\n<li>French manucure<\/li>\n<li>Babyboomer<\/li>\n<li>Stamping<\/li>\n<li>Gel spider<\/li>\n<li>Ma\u00eetrise du limage et des diff\u00e9rentes formes de construction au gel (carr\u00e9, amande, carr\u00e9 rond, stiletto, etc&#8230;)<\/li>\n<\/ul>\n<p>[\/vc_column_text][\/vc_tta_section][vc_tta_section title=\u00a0\u00bbDUR\u00c9E\u00a0\u00bb tab_id=\u00a0\u00bb1720190565694-cc0a2eca-9575b811-d5e0&Prime;][vc_column_text]La dur\u00e9e de la formation varie de 1 jour minimum \u00e0 plusieurs jours en fonction du besoin.[\/vc_column_text][\/vc_tta_section][vc_tta_section title=\u00a0\u00bbSESSIONS\u00a0\u00bb tab_id=\u00a0\u00bb1720191281401-5ca43be3-1eb9b811-d5e0&Prime;][vc_column_text]Les sessions sont programm\u00e9es en fonction de la demande et des disponibilit\u00e9s.[\/vc_column_text][\/vc_tta_section][vc_tta_section title=\u00a0\u00bbTARIF\u00a0\u00bb tab_id=\u00a0\u00bb1720190641671-61a4cfdd-f618b811-d5e0&Prime;][vc_column_text]<strong>Tarif pour 1 personne<\/strong> : 400\u20ac la premi\u00e8re journ\u00e9e, et 300\u20ac les journ\u00e9es suivantes.<\/p>\n<p>Exemple : pour une formation de 2 jours, le tarif est de 700\u20ac ; pour une formation de 4 jours le tarif est de 1300\u20ac.<\/p>\n<p><strong>Tarif pour 2 personnes<\/strong> : 600\u20ac la premi\u00e8re journ\u00e9e, 400\u20ac les journ\u00e9es suivantes.[\/vc_column_text][\/vc_tta_section][vc_tta_section title=\u00a0\u00bbCONTACT\u00a0\u00bb tab_id=\u00a0\u00bb1720192192941-63cd2daa-b9d0b811-d5e0&Prime;][vc_column_text]Pour plus d&rsquo;infos sur cette formation courte en proth\u00e9sie ongulaire, <a href=\"https:\/\/bel-ongle-formation.fr\/index.php\/contacts\/\">contactez-nous<\/a> ![\/vc_column_text][\/vc_tta_section][\/vc_tta_tabs][vc_empty_space height=\u00a0\u00bb46px\u00a0\u00bb alter_height=\u00a0\u00bbnone\u00a0\u00bb hide_on_desktop=\u00a0\u00bb\u00a0\u00bb hide_on_notebook=\u00a0\u00bb\u00a0\u00bb hide_on_tablet=\u00a0\u00bb1&Prime; hide_on_mobile=\u00a0\u00bb1&Prime;][vc_empty_space height=\u00a0\u00bb60px\u00a0\u00bb alter_height=\u00a0\u00bbnone\u00a0\u00bb hide_on_desktop=\u00a0\u00bb1&Prime; hide_on_notebook=\u00a0\u00bb1&Prime; hide_on_tablet=\u00a0\u00bb\u00a0\u00bb hide_on_mobile=\u00a0\u00bb1&Prime;][vc_empty_space height=\u00a0\u00bb30px\u00a0\u00bb alter_height=\u00a0\u00bbnone\u00a0\u00bb hide_on_desktop=\u00a0\u00bb1&Prime; hide_on_notebook=\u00a0\u00bb1&Prime; hide_on_tablet=\u00a0\u00bb1&Prime; hide_on_mobile=\u00a0\u00bb\u00a0\u00bb][vc_btn title=\u00a0\u00bbRESERVER CETTE FORMATION\u00a0\u00bb color=\u00a0\u00bbjuicy-pink\u00a0\u00bb align=\u00a0\u00bbcenter\u00a0\u00bb link=\u00a0\u00bburl:https%3A%2F%2Fbel-ongle-formation.fr%2Findex.php%2Fcontacts%2F|title:Contact\u00a0\u00bb][\/vc_column][vc_column width=\u00a0\u00bb2\/12&Prime;][\/vc_column][\/vc_row]<\/p>\n<\/div>","protected":false},"excerpt":{"rendered":"<p>[vc_row][vc_column width=\u00a0\u00bb2\/12&Prime;][\/vc_column][vc_column width=\u00a0\u00bb8\/12&Prime;][vc_empty_space height=\u00a0\u00bb26px\u00a0\u00bb alter_height=\u00a0\u00bbnone\u00a0\u00bb hide_on_desktop=\u00a0\u00bb\u00a0\u00bb hide_on_notebook=\u00a0\u00bb\u00a0\u00bb hide_on_tablet=\u00a0\u00bb1&Prime; hide_on_mobile=\u00a0\u00bb1&Prime;][vc_empty_space height=\u00a0\u00bb60px\u00a0\u00bb alter_height=\u00a0\u00bbnone\u00a0\u00bb hide_on_desktop=\u00a0\u00bb1&Prime; hide_on_notebook=\u00a0\u00bb1&Prime; hide_on_tablet=\u00a0\u00bb\u00a0\u00bb hide_on_mobile=\u00a0\u00bb1&Prime;][vc_empty_space height=\u00a0\u00bb30px\u00a0\u00bb alter_height=\u00a0\u00bbnone\u00a0\u00bb hide_on_desktop=\u00a0\u00bb1&Prime; hide_on_notebook=\u00a0\u00bb1&Prime; hide_on_tablet=\u00a0\u00bb1&Prime; hide_on_mobile=\u00a0\u00bb\u00a0\u00bb][vc_column_text]En t\u00eate \u00e0 t\u00eate avec la formatrice, b\u00e9n\u00e9ficiez d&rsquo;une formation personnalis\u00e9e adapt\u00e9e \u00e0 vos besoins les plus sp\u00e9cifiques pour cibler&hellip;<\/p>\n","protected":false},"author":2,"featured_media":0,"parent":0,"menu_order":0,"comment_status":"closed","ping_status":"closed","template":"","meta":{"footnotes":""},"class_list":["post-3246","page","type-page","status-publish","hentry"],"_links":{"self":[{"href":"https:\/\/bel-ongle-formation.fr\/index.php\/wp-json\/wp\/v2\/pages\/3246","targetHints":{"allow":["GET"]}}],"collection":[{"href":"https:\/\/bel-ongle-formation.fr\/index.php\/wp-json\/wp\/v2\/pages"}],"about":[{"href":"https:\/\/bel-ongle-formation.fr\/index.php\/wp-json\/wp\/v2\/types\/page"}],"author":[{"embeddable":true,"href":"https:\/\/bel-ongle-formation.fr\/index.php\/wp-json\/wp\/v2\/users\/2"}],"replies":[{"embeddable":true,"href":"https:\/\/bel-ongle-formation.fr\/index.php\/wp-json\/wp\/v2\/comments?post=3246"}],"version-history":[{"count":3,"href":"https:\/\/bel-ongle-formation.fr\/index.php\/wp-json\/wp\/v2\/pages\/3246\/revisions"}],"predecessor-version":[{"id":3249,"href":"https:\/\/bel-ongle-formation.fr\/index.php\/wp-json\/wp\/v2\/pages\/3246\/revisions\/3249"}],"wp:attachment":[{"href":"https:\/\/bel-ongle-formation.fr\/index.php\/wp-json\/wp\/v2\/media?parent=3246"}],"curies":[{"name":"wp","href":"https:\/\/api.w.org\/{rel}","templated":true}]}}

Perfectionnement / Remise à niveau

<div class="wpb-content-wrapper"><p>[vc_row][vc_column width= »2/12&Prime;][/vc_column][vc_column width= »8/12&Prime;]<div id="sc_title_1479779296"
		class="sc_title color_style_default sc_title_default"><h6 class="sc_item_subtitle sc_title_subtitle sc_align_center sc_item_title_style_default">Perfectionnement / Remise à niveau</h6><h3 class="sc_item_title sc_title_title sc_align_center sc_item_title_style_default">Formation à la carte</h3></div><!-- /.sc_title -->[vc_empty_space height= »26px » alter_height= »none » hide_on_desktop= » » hide_on_notebook= » » hide_on_tablet= »1&Prime; hide_on_mobile= »1&Prime;][vc_empty_space height= »60px » alter_height= »none » hide_on_desktop= »1&Prime; hide_on_notebook= »1&Prime; hide_on_tablet= » » hide_on_mobile= »1&Prime;][vc_empty_space height= »30px » alter_height= »none » hide_on_desktop= »1&Prime; hide_on_notebook= »1&Prime; hide_on_tablet= »1&Prime; hide_on_mobile= » »][vc_column_text]<span style="color: #1d1d1d;">En tête à tête avec la formatrice, bénéficiez d&rsquo;une formation personnalisée adaptée à vos besoins les plus spécifiques pour cibler les techniques à approfondir.</span></p>
<p>[/vc_column_text][vc_empty_space height= »46px » alter_height= »none » hide_on_desktop= » » hide_on_notebook= » » hide_on_tablet= »1&Prime; hide_on_mobile= »1&Prime;][vc_tta_tabs active_section= »1&Prime;][vc_tta_section title= »CONTENU » tab_id= »1720191367540-ee48eba6-8484b811-d5e0&Prime;][vc_column_text]Le contenu de la formation est élaboré en fonction des demandes et des besoins spécifiques.</p>
<p>Exemple de formation perfectionnement :</p>
<ul>
<li>pose de capsules</li>
<li>rallongement au chablon</li>
<li>French manucure</li>
<li>Babyboomer</li>
<li>Stamping</li>
<li>Gel spider</li>
<li>Maîtrise du limage et des différentes formes de construction au gel (carré, amande, carré rond, stiletto, etc&#8230;)</li>
</ul>
<p>[/vc_column_text][/vc_tta_section][vc_tta_section title= »DURÉE » tab_id= »1720190565694-cc0a2eca-9575b811-d5e0&Prime;][vc_column_text]La durée de la formation varie de 1 jour minimum à plusieurs jours en fonction du besoin.[/vc_column_text][/vc_tta_section][vc_tta_section title= »SESSIONS » tab_id= »1720191281401-5ca43be3-1eb9b811-d5e0&Prime;][vc_column_text]Les sessions sont programmées en fonction de la demande et des disponibilités.[/vc_column_text][/vc_tta_section][vc_tta_section title= »TARIF » tab_id= »1720190641671-61a4cfdd-f618b811-d5e0&Prime;][vc_column_text]<strong>Tarif pour 1 personne</strong> : 400€ la première journée, et 300€ les journées suivantes.</p>
<p>Exemple : pour une formation de 2 jours, le tarif est de 700€ ; pour une formation de 4 jours le tarif est de 1300€.</p>
<p><strong>Tarif pour 2 personnes</strong> : 600€ la première journée, 400€ les journées suivantes.[/vc_column_text][/vc_tta_section][vc_tta_section title= »CONTACT » tab_id= »1720192192941-63cd2daa-b9d0b811-d5e0&Prime;][vc_column_text]Pour plus d&rsquo;infos sur cette formation courte en prothésie ongulaire, <a href="https://bel-ongle-formation.fr/index.php/contacts/">contactez-nous</a> ![/vc_column_text][/vc_tta_section][/vc_tta_tabs][vc_empty_space height= »46px » alter_height= »none » hide_on_desktop= » » hide_on_notebook= » » hide_on_tablet= »1&Prime; hide_on_mobile= »1&Prime;][vc_empty_space height= »60px » alter_height= »none » hide_on_desktop= »1&Prime; hide_on_notebook= »1&Prime; hide_on_tablet= » » hide_on_mobile= »1&Prime;][vc_empty_space height= »30px » alter_height= »none » hide_on_desktop= »1&Prime; hide_on_notebook= »1&Prime; hide_on_tablet= »1&Prime; hide_on_mobile= » »][vc_btn title= »RESERVER CETTE FORMATION » color= »juicy-pink » align= »center » link= »url:https%3A%2F%2Fbel-ongle-formation.fr%2Findex.php%2Fcontacts%2F|title:Contact »][/vc_column][vc_column width= »2/12&Prime;][/vc_column][/vc_row]</p>
</div>

<p>[vc_row][vc_column width= »2/12&Prime;][/vc_column][vc_column width= »8/12&Prime;][vc_empty_space height= »26px » alter_height= »none » hide_on_desktop= » » hide_on_notebook= » » hide_on_tablet= »1&Prime; hide_on_mobile= »1&Prime;][vc_empty_space height= »60px » alter_height= »none » hide_on_desktop= »1&Prime; hide_on_notebook= »1&Prime; hide_on_tablet= » » hide_on_mobile= »1&Prime;][vc_empty_space height= »30px » alter_height= »none » hide_on_desktop= »1&Prime; hide_on_notebook= »1&Prime; hide_on_tablet= »1&Prime; hide_on_mobile= » »][vc_column_text]En tête à tête avec la formatrice, bénéficiez d&rsquo;une formation personnalisée adaptée à vos besoins les plus spécifiques pour cibler&hellip;</p>
