{"id":3472,"date":"2024-08-21T16:01:13","date_gmt":"2024-08-21T14:01:13","guid":{"rendered":"https:\/\/bel-ongle-formation.fr\/?page_id=3472"},"modified":"2024-08-30T16:34:57","modified_gmt":"2024-08-30T14:34:57","slug":"devenir-modele","status":"publish","type":"page","link":"https:\/\/bel-ongle-formation.fr\/index.php\/devenir-modele\/","title":{"rendered":"Devenir mod\u00e8le"},"content":{"rendered":"<div class=\"wpb-content-wrapper\"><p>[vc_row hide_bg_image_on_tablet=\u00a0\u00bb\u00a0\u00bb hide_bg_image_on_mobile=\u00a0\u00bb\u00a0\u00bb css=\u00a0\u00bb.vc_custom_1724254445436{padding-top: 30px !important;padding-bottom: 30px !important;background-color: #eeccc7 !important;}\u00a0\u00bb][vc_column width=\u00a0\u00bb2\/12&Prime;][\/vc_column][vc_column width=\u00a0\u00bb8\/12&Prime;]<div id=\"sc_title_822667307\"\n\t\tclass=\"sc_title color_style_default sc_title_default\"><h6 class=\"sc_item_subtitle sc_title_subtitle sc_align_center sc_item_title_style_default\">On a besoin de vous !<\/h6><h3 class=\"sc_item_title sc_title_title sc_align_center sc_item_title_style_default\">devenez mod\u00e8le !<\/h3><\/div><!-- \/.sc_title -->[vc_empty_space height=\u00a0\u00bb26px\u00a0\u00bb alter_height=\u00a0\u00bbnone\u00a0\u00bb hide_on_desktop=\u00a0\u00bb\u00a0\u00bb hide_on_notebook=\u00a0\u00bb\u00a0\u00bb hide_on_tablet=\u00a0\u00bb1&Prime; hide_on_mobile=\u00a0\u00bb1&Prime;][vc_single_image image=\u00a0\u00bb3484&Prime; img_size=\u00a0\u00bblarge\u00a0\u00bb alignment=\u00a0\u00bbcenter\u00a0\u00bb][vc_empty_space height=\u00a0\u00bb26px\u00a0\u00bb alter_height=\u00a0\u00bbnone\u00a0\u00bb hide_on_desktop=\u00a0\u00bb\u00a0\u00bb hide_on_notebook=\u00a0\u00bb\u00a0\u00bb hide_on_tablet=\u00a0\u00bb1&Prime; hide_on_mobile=\u00a0\u00bb1&Prime;][vc_empty_space height=\u00a0\u00bb60px\u00a0\u00bb alter_height=\u00a0\u00bbnone\u00a0\u00bb hide_on_desktop=\u00a0\u00bb1&Prime; hide_on_notebook=\u00a0\u00bb1&Prime; hide_on_tablet=\u00a0\u00bb\u00a0\u00bb hide_on_mobile=\u00a0\u00bb1&Prime;][vc_empty_space height=\u00a0\u00bb30px\u00a0\u00bb alter_height=\u00a0\u00bbnone\u00a0\u00bb hide_on_desktop=\u00a0\u00bb1&Prime; hide_on_notebook=\u00a0\u00bb1&Prime; hide_on_tablet=\u00a0\u00bb1&Prime; hide_on_mobile=\u00a0\u00bb\u00a0\u00bb][vc_row_inner hide_bg_image_on_tablet=\u00a0\u00bb\u00a0\u00bb hide_bg_image_on_mobile=\u00a0\u00bb\u00a0\u00bb css=\u00a0\u00bb.vc_custom_1725028450909{padding-bottom: 20px !important;}\u00a0\u00bb][vc_column_inner width=\u00a0\u00bb1\/4&Prime;][vc_single_image image=\u00a0\u00bb3525&Prime; img_size=\u00a0\u00bb70&#215;70&Prime; alignment=\u00a0\u00bbright\u00a0\u00bb onclick=\u00a0\u00bbcustom_link\u00a0\u00bb link=\u00a0\u00bbhttps:\/\/www.planity.com\/bel-ongle-formation-30300-beaucaire\u00a0\u00bb][\/vc_column_inner][vc_column_inner width=\u00a0\u00bb3\/4&Prime;]<div class=\"sc_item_button sc_button_wrap sc_align_left\"><a href=\"https:\/\/www.planity.com\/bel-ongle-formation-30300-beaucaire\" id=\"sc_button_649905082\" class=\"sc_button color_style_default sc_button_default sc_button_size_normal sc_button_with_icon sc_button_icon_left\"><span class=\"sc_button_icon\"><span class=\"icon-calendar-light\"><\/span><\/span><span class=\"sc_button_text sc_align_center\"><span class=\"sc_button_title\">Prenez rendez-vous sur planity<\/span><\/span><!-- \/.sc_button_text --><\/a><!-- \/.sc_button --><\/div><!-- \/.sc_item_button -->[\/vc_column_inner][\/vc_row_inner][vc_column_text]Pour l&rsquo;ensemble de nos sessions de formation, une fois par mois, <strong>nous recherchons des mod\u00e8les volontaires<\/strong>.<\/p>\n<p>Etre mod\u00e8le Bel Ongle Formation est <strong>totalement GRATUIT<\/strong> !<br \/>\nCependant, vous devez remplir <strong>les conditions<\/strong> suivantes:<\/p>\n<ul>\n<li>Etre disponible le matin de <strong>9h \u00e0 12h<\/strong> OU l&rsquo;apr\u00e8s-midi de <strong>13h \u00e0 17h<\/strong>, du lundi au vendredi.<\/li>\n<li>Etre ponctuelle<\/li>\n<li>Signaler ses retards<\/li>\n<li>Avoir une attitude agr\u00e9able<\/li>\n<li>Venir sans enfants<\/li>\n<li>Accepter d&rsquo;\u00eatre photographi\u00e9 ou film\u00e9, et d&rsquo;\u00eatre diffus\u00e9 sur les r\u00e9seaux sociaux dans le cadre de la promotion de l&rsquo;entreprise Bel&rsquo;Ongle Formation<\/li>\n<li>Signaler toute pathologie (diab\u00e9te, allergie&#8230;<\/li>\n<\/ul>\n<p><strong>TOUT RETARD OU ABSENCE NON SIGNALEE ENTRAINE UNE RADIATION DEFINITIVE.<\/strong><\/p>\n<p>Retrouvez toutes les sessions de formations ici : <span style=\"color: #800000;\"><strong><a style=\"color: #800000;\" href=\"https:\/\/bel-ongle-formation.fr\/index.php\/calendrier-formation-prothesie-ongulaire\/\">Calendrier des sessions de formation certifiante<\/a><\/strong><\/span><\/p>\n<p>La veille du RDV, un message de rappel vous sera envoy\u00e9.<\/p>\n<p>Inscrivez-vous pour devenir mod\u00e8le via ce formulaire ou au <span style=\"color: #800000;\"><a style=\"color: #800000;\" href=\"tel:0611286935\">06.11.28.69.35<\/a><\/span>[\/vc_column_text][vc_empty_space height=\u00a0\u00bb46px\u00a0\u00bb alter_height=\u00a0\u00bbnone\u00a0\u00bb hide_on_desktop=\u00a0\u00bb\u00a0\u00bb hide_on_notebook=\u00a0\u00bb\u00a0\u00bb hide_on_tablet=\u00a0\u00bb1&Prime; hide_on_mobile=\u00a0\u00bb1&Prime;][vc_empty_space height=\u00a0\u00bb60px\u00a0\u00bb alter_height=\u00a0\u00bbnone\u00a0\u00bb hide_on_desktop=\u00a0\u00bb1&Prime; hide_on_notebook=\u00a0\u00bb1&Prime; hide_on_tablet=\u00a0\u00bb\u00a0\u00bb hide_on_mobile=\u00a0\u00bb1&Prime;][vc_row_inner hide_bg_image_on_tablet=\u00a0\u00bb\u00a0\u00bb hide_bg_image_on_mobile=\u00a0\u00bb\u00a0\u00bb css=\u00a0\u00bb.vc_custom_1725028450909{padding-bottom: 20px !important;}\u00a0\u00bb][vc_column_inner width=\u00a0\u00bb1\/4&Prime;][vc_single_image image=\u00a0\u00bb3525&Prime; img_size=\u00a0\u00bb70&#215;70&Prime; alignment=\u00a0\u00bbright\u00a0\u00bb onclick=\u00a0\u00bbcustom_link\u00a0\u00bb link=\u00a0\u00bbhttps:\/\/www.planity.com\/bel-ongle-formation-30300-beaucaire\u00a0\u00bb][\/vc_column_inner][vc_column_inner width=\u00a0\u00bb3\/4&Prime;]<div class=\"sc_item_button sc_button_wrap sc_align_left\"><a href=\"https:\/\/www.planity.com\/bel-ongle-formation-30300-beaucaire\" id=\"sc_button_1830366272\" class=\"sc_button color_style_default sc_button_default sc_button_size_normal sc_button_with_icon sc_button_icon_left\"><span class=\"sc_button_icon\"><span class=\"icon-calendar-light\"><\/span><\/span><span class=\"sc_button_text sc_align_center\"><span class=\"sc_button_title\">Prenez rendez-vous sur planity<\/span><\/span><!-- \/.sc_button_text --><\/a><!-- \/.sc_button --><\/div><!-- \/.sc_item_button -->[\/vc_column_inner][\/vc_row_inner][\/vc_column][vc_column width=\u00a0\u00bb2\/12&Prime;][\/vc_column][\/vc_row]<\/p>\n<\/div>","protected":false},"excerpt":{"rendered":"<p>[vc_row hide_bg_image_on_tablet=\u00a0\u00bb\u00a0\u00bb hide_bg_image_on_mobile=\u00a0\u00bb\u00a0\u00bb css=\u00a0\u00bb.vc_custom_1724254445436{padding-top: 30px !important;padding-bottom: 30px !important;background-color: #eeccc7 !important;}\u00a0\u00bb][vc_column width=\u00a0\u00bb2\/12&Prime;][\/vc_column][vc_column width=\u00a0\u00bb8\/12&Prime;][vc_empty_space height=\u00a0\u00bb26px\u00a0\u00bb alter_height=\u00a0\u00bbnone\u00a0\u00bb hide_on_desktop=\u00a0\u00bb\u00a0\u00bb hide_on_notebook=\u00a0\u00bb\u00a0\u00bb hide_on_tablet=\u00a0\u00bb1&Prime; hide_on_mobile=\u00a0\u00bb1&Prime;][vc_single_image image=\u00a0\u00bb3484&Prime; img_size=\u00a0\u00bblarge\u00a0\u00bb alignment=\u00a0\u00bbcenter\u00a0\u00bb][vc_empty_space height=\u00a0\u00bb26px\u00a0\u00bb alter_height=\u00a0\u00bbnone\u00a0\u00bb hide_on_desktop=\u00a0\u00bb\u00a0\u00bb hide_on_notebook=\u00a0\u00bb\u00a0\u00bb hide_on_tablet=\u00a0\u00bb1&Prime; hide_on_mobile=\u00a0\u00bb1&Prime;][vc_empty_space height=\u00a0\u00bb60px\u00a0\u00bb alter_height=\u00a0\u00bbnone\u00a0\u00bb hide_on_desktop=\u00a0\u00bb1&Prime; hide_on_notebook=\u00a0\u00bb1&Prime; hide_on_tablet=\u00a0\u00bb\u00a0\u00bb hide_on_mobile=\u00a0\u00bb1&Prime;][vc_empty_space height=\u00a0\u00bb30px\u00a0\u00bb alter_height=\u00a0\u00bbnone\u00a0\u00bb hide_on_desktop=\u00a0\u00bb1&Prime; hide_on_notebook=\u00a0\u00bb1&Prime; hide_on_tablet=\u00a0\u00bb1&Prime; hide_on_mobile=\u00a0\u00bb\u00a0\u00bb][vc_row_inner hide_bg_image_on_tablet=\u00a0\u00bb\u00a0\u00bb&hellip;<\/p>\n","protected":false},"author":2,"featured_media":0,"parent":0,"menu_order":0,"comment_status":"closed","ping_status":"closed","template":"","meta":{"footnotes":""},"class_list":["post-3472","page","type-page","status-publish","hentry"],"_links":{"self":[{"href":"https:\/\/bel-ongle-formation.fr\/index.php\/wp-json\/wp\/v2\/pages\/3472","targetHints":{"allow":["GET"]}}],"collection":[{"href":"https:\/\/bel-ongle-formation.fr\/index.php\/wp-json\/wp\/v2\/pages"}],"about":[{"href":"https:\/\/bel-ongle-formation.fr\/index.php\/wp-json\/wp\/v2\/types\/page"}],"author":[{"embeddable":true,"href":"https:\/\/bel-ongle-formation.fr\/index.php\/wp-json\/wp\/v2\/users\/2"}],"replies":[{"embeddable":true,"href":"https:\/\/bel-ongle-formation.fr\/index.php\/wp-json\/wp\/v2\/comments?post=3472"}],"version-history":[{"count":26,"href":"https:\/\/bel-ongle-formation.fr\/index.php\/wp-json\/wp\/v2\/pages\/3472\/revisions"}],"predecessor-version":[{"id":3538,"href":"https:\/\/bel-ongle-formation.fr\/index.php\/wp-json\/wp\/v2\/pages\/3472\/revisions\/3538"}],"wp:attachment":[{"href":"https:\/\/bel-ongle-formation.fr\/index.php\/wp-json\/wp\/v2\/media?parent=3472"}],"curies":[{"name":"wp","href":"https:\/\/api.w.org\/{rel}","templated":true}]}}